{"id":65,"date":"2022-11-29T08:02:11","date_gmt":"2022-11-29T07:02:11","guid":{"rendered":"http:\/\/www.labomorphe.ovh\/?page_id=65"},"modified":"2023-01-08T22:09:57","modified_gmt":"2023-01-08T21:09:57","slug":"a-propos-de","status":"publish","type":"page","link":"http:\/\/www.labomorphe.ovh\/index.php\/a-propos-de\/","title":{"rendered":"Partenaires"},"content":{"rendered":"\n<p>Pour donner vie \u00e0 ce projet plusieurs partenaires ce sont associ\u00e9s. A travers ces diff\u00e9rents liens vous pourrez naviguer dans leurs activit\u00e9s.<\/p>\n\n\n\n<p><strong>AAJPN<\/strong> <a href=\"http:\/\/www.aajpn.fr\/\">http:\/\/www.aajpn.fr\/<\/a><\/p>\n\n\n\n<p><strong>Atelier Mus\u00e9e de la Terre de Puycheny <\/strong><a href=\"https:\/\/www.ateliermuseedelaterre.com\/fr\/\" data-type=\"URL\" data-id=\"https:\/\/www.ateliermuseedelaterre.com\/fr\/\">https:\/\/www.ateliermuseedelaterre.com\/fr\/<\/a><\/p>\n\n\n\n<p><strong>CIIRPO<\/strong> (Centre Interr\u00e9gional d\u2019Information et de Recherche en Production Ovine) site Le Mourier  <a href=\"https:\/\/www.inn-ovin.fr\/le-site-experimental-du-mourier\/\" data-type=\"URL\" data-id=\"https:\/\/www.inn-ovin.fr\/le-site-experimental-du-mourier\/\">https:\/\/www.inn-ovin.fr\/le-site-experimental-du-mourier\/<\/a><\/p>\n\n\n\n<p><strong>Lavitrine<\/strong>  <a href=\"https:\/\/lavitrine-lacs.org\/\" data-type=\"URL\" data-id=\"https:\/\/lavitrine-lacs.org\/\">https:\/\/lavitrine-lacs.org\/<\/a><\/p>\n\n\n\n<p><strong>Le Comptoir <\/strong>de Saint-Priest Ligoure  <a href=\"https:\/\/www.facebook.com\/people\/Le-Comptoir\/100064702507838\/\" data-type=\"URL\" data-id=\"https:\/\/www.facebook.com\/people\/Le-Comptoir\/100064702507838\/\">https:\/\/www.facebook.com\/people\/Le-Comptoir\/100064702507838\/<\/a><\/p>\n\n\n\n<p><strong>Mairie de Saint Priest-Ligoure<\/strong>  <a href=\"https:\/\/www.stpriestligoure.com\/\" data-type=\"URL\" data-id=\"https:\/\/www.stpriestligoure.com\/\">https:\/\/www.stpriestligoure.com\/<\/a><\/p>\n\n\n\n<p><strong>Parc Naturel R\u00e9gional P\u00e9rigord Limousin<\/strong> <a href=\"http:\/\/www.pnr-perigord-limousin.fr\/\" data-type=\"URL\" data-id=\"http:\/\/www.pnr-perigord-limousin.fr\/\">http:\/\/www.pnr-perigord-limousin.fr\/<\/a><\/p>\n\n\n\n<p><strong>R\u00e9seau des m\u00e9diath\u00e8ques Pays de Nexon-Monts de Ch\u00e2lus <\/strong><a href=\"https:\/\/mediatheques.paysdenexon-montsdechalus.fr\/\">https:\/\/mediatheques.paysdenexon-montsdechalus.fr\/<\/a><\/p>\n\n\n\n<p><strong>Association Respir de Saint-Yriex La Perche <\/strong> <a href=\"https:\/\/associationrespir.com\/Nos-missions\/\" data-type=\"URL\" data-id=\"https:\/\/associationrespir.com\/Nos-missions\/\">https:\/\/associationrespir.com\/Nos-missions\/<\/a><\/p>\n\n\n\n<p><strong>La Soupape Sauvage<\/strong> <a href=\"https:\/\/lasoupapesauvage.fr\/\" data-type=\"URL\" data-id=\"https:\/\/lasoupapesauvage.fr\/\">https:\/\/lasoupapesauvage.fr\/<\/a><\/p>\n\n\n\n<p><strong>Spontane<\/strong>\/ <em>\u00e9tudes photographiques<\/em> <a href=\"http:\/\/spontane-photo.ovh\/\" data-type=\"URL\" data-id=\"http:\/\/spontane-photo.ovh\/\">http:\/\/spontane-photo.ovh\/<\/a><\/p>\n\n\n\n<p><strong>V\u00e9loma<\/strong> <a href=\"https:\/\/veloma.org\/\">https:\/\/veloma.org\/<\/a><\/p>\n\n\n\n<p><\/p>\n\n\n\n<p><\/p>\n\n\n\n<p><\/p>\n","protected":false},"excerpt":{"rendered":"<p>Pour donner vie \u00e0 ce projet plusieurs partenaires ce sont associ\u00e9s. A travers ces diff\u00e9rents liens vous pourrez naviguer dans leurs activit\u00e9s. AAJPN http:\/\/www.aajpn.fr\/ Atelier Mus\u00e9e de la Terre de Puycheny https:\/\/www.ateliermuseedelaterre.com\/fr\/ CIIRPO (Centre Interr\u00e9gional d\u2019Information et de Recherche en Production Ovine) site Le Mourier https:\/\/www.inn-ovin.fr\/le-site-experimental-du-mourier\/ Lavitrine https:\/\/lavitrine-lacs.org\/ Le Comptoir de Saint-Priest Ligoure https:\/\/www.facebook.com\/people\/Le-Comptoir\/100064702507838\/ Mairie &hellip; <a href=\"http:\/\/www.labomorphe.ovh\/index.php\/a-propos-de\/\" class=\"more-link\">Continue reading<span class=\"screen-reader-text\"> &#8220;Partenaires&#8221;<\/span><\/a><\/p>\n","protected":false},"author":1,"featured_media":0,"parent":0,"menu_order":0,"comment_status":"closed","ping_status":"closed","template":"","meta":{"footnotes":""},"class_list":["post-65","page","type-page","status-publish","hentry"],"_links":{"self":[{"href":"http:\/\/www.labomorphe.ovh\/index.php\/wp-json\/wp\/v2\/pages\/65","targetHints":{"allow":["GET"]}}],"collection":[{"href":"http:\/\/www.labomorphe.ovh\/index.php\/wp-json\/wp\/v2\/pages"}],"about":[{"href":"http:\/\/www.labomorphe.ovh\/index.php\/wp-json\/wp\/v2\/types\/page"}],"author":[{"embeddable":true,"href":"http:\/\/www.labomorphe.ovh\/index.php\/wp-json\/wp\/v2\/users\/1"}],"replies":[{"embeddable":true,"href":"http:\/\/www.labomorphe.ovh\/index.php\/wp-json\/wp\/v2\/comments?post=65"}],"version-history":[{"count":14,"href":"http:\/\/www.labomorphe.ovh\/index.php\/wp-json\/wp\/v2\/pages\/65\/revisions"}],"predecessor-version":[{"id":778,"href":"http:\/\/www.labomorphe.ovh\/index.php\/wp-json\/wp\/v2\/pages\/65\/revisions\/778"}],"wp:attachment":[{"href":"http:\/\/www.labomorphe.ovh\/index.php\/wp-json\/wp\/v2\/media?parent=65"}],"curies":[{"name":"wp","href":"https:\/\/api.w.org\/{rel}","templated":true}]}}