{"id":64,"date":"2022-11-29T08:02:11","date_gmt":"2022-11-29T07:02:11","guid":{"rendered":"http:\/\/www.labomorphe.ovh\/?page_id=64"},"modified":"2023-09-15T18:25:05","modified_gmt":"2023-09-15T16:25:05","slug":"le-nouveau-e-mucem-ouvre-ses-portes-2","status":"publish","type":"page","link":"http:\/\/www.labomorphe.ovh\/","title":{"rendered":"Labomorphe \/ atelier mobile"},"content":{"rendered":"\n<h1 class=\"wp-block-heading alignwide has-text-align-left has-dark-gray-color has-white-background-color has-text-color has-background has-medium-font-size\" style=\"font-style:normal;font-weight:200;letter-spacing:3px\"><em>\u00e0 la recherche d&#8217;un tissu commun<\/em><\/h1>\n\n\n\n<p>Quelques \u00e9v\u00e9nements &#8230;<\/p>\n\n\n\n<p><\/p>\n\n\n\n<div class=\"wp-block-columns alignwide is-layout-flex wp-container-core-columns-is-layout-9d6595d7 wp-block-columns-is-layout-flex\">\n<div class=\"wp-block-column is-layout-flow wp-block-column-is-layout-flow\" style=\"text-transform:lowercase\">\n<div class=\"wp-block-group\"><div class=\"wp-block-group__inner-container is-layout-flow wp-block-group-is-layout-flow\">\n<figure class=\"wp-block-gallery alignfull has-nested-images columns-default is-cropped wp-block-gallery-1 is-layout-flex wp-block-gallery-is-layout-flex\">\n<figure class=\"wp-block-image size-large\"><img loading=\"lazy\" decoding=\"async\" width=\"768\" height=\"1024\" data-id=\"657\" src=\"http:\/\/www.labomorphe.ovh\/wp-content\/uploads\/2023\/09\/DSCF6199-768x1024.jpg\" alt=\"\" class=\"wp-image-657\" srcset=\"http:\/\/www.labomorphe.ovh\/wp-content\/uploads\/2023\/09\/DSCF6199-768x1024.jpg 768w, http:\/\/www.labomorphe.ovh\/wp-content\/uploads\/2023\/09\/DSCF6199-225x300.jpg 225w, http:\/\/www.labomorphe.ovh\/wp-content\/uploads\/2023\/09\/DSCF6199-1152x1536.jpg 1152w, http:\/\/www.labomorphe.ovh\/wp-content\/uploads\/2023\/09\/DSCF6199-1536x2048.jpg 1536w, http:\/\/www.labomorphe.ovh\/wp-content\/uploads\/2023\/09\/DSCF6199-1200x1600.jpg 1200w, http:\/\/www.labomorphe.ovh\/wp-content\/uploads\/2023\/09\/DSCF6199-scaled.jpg 1920w\" sizes=\"auto, (max-width: 768px) 85vw, 768px\" \/><\/figure>\n<\/figure>\n\n\n\n<h4 class=\"wp-block-heading\" style=\"font-size:17px;text-transform:lowercase\"><em>labomorphe<\/em> c&#8217;est \u00e0 dire?<\/h4>\n\n\n\n<p>juin 2022<\/p>\n\n\n\n<div class=\"wp-block-button is-style-outline is-style-outline--2\"><a class=\"wp-block-button__link wp-element-button\" href=\"http:\/\/www.labomorphe.ovh\/index.php\/labomorphe-cest-a-dire\/\">Lire la suite<\/a><\/div>\n<\/div><\/div>\n\n\n\n<div class=\"wp-block-group\"><div class=\"wp-block-group__inner-container is-layout-flow wp-block-group-is-layout-flow\">\n<div class=\"wp-block-cover alignfull is-light\" style=\"min-height:400px;aspect-ratio:unset;\"><span aria-hidden=\"true\" class=\"wp-block-cover__background has-background-dim\"><\/span><img loading=\"lazy\" decoding=\"async\" width=\"750\" height=\"1000\" class=\"wp-block-cover__image-background wp-image-253\" alt=\"\" src=\"http:\/\/www.labomorphe.ovh\/wp-content\/uploads\/2022\/12\/blog-livre-maquette2.jpg\" data-object-fit=\"cover\" srcset=\"http:\/\/www.labomorphe.ovh\/wp-content\/uploads\/2022\/12\/blog-livre-maquette2.jpg 750w, http:\/\/www.labomorphe.ovh\/wp-content\/uploads\/2022\/12\/blog-livre-maquette2-225x300.jpg 225w\" sizes=\"auto, (max-width: 750px) 85vw, 750px\" \/><div class=\"wp-block-cover__inner-container is-layout-flow wp-block-cover-is-layout-flow\">\n<p class=\"has-text-align-center has-large-font-size\"><\/p>\n<\/div><\/div>\n\n\n\n<h3 class=\"wp-block-heading\">maquettes<\/h3>\n\n\n\n<p>novembre 2022<\/p>\n\n\n\n<div class=\"wp-block-button is-style-outline is-style-outline--3\"><a class=\"wp-block-button__link wp-element-button\" href=\"http:\/\/www.labomorphe.ovh\/index.php\/maquette\/\">Lire la suite<\/a><\/div>\n<\/div><\/div>\n<\/div>\n\n\n\n<div class=\"wp-block-column is-layout-flow wp-block-column-is-layout-flow\" style=\"text-transform:lowercase\">\n<div class=\"wp-block-group\"><div class=\"wp-block-group__inner-container is-layout-flow wp-block-group-is-layout-flow\">\n<figure class=\"wp-block-image size-large is-resized\"><img loading=\"lazy\" decoding=\"async\" src=\"http:\/\/www.labomorphe.ovh\/wp-content\/uploads\/2023\/09\/DSC_0664-1024x683.jpg\" alt=\"\" class=\"wp-image-655\" style=\"width:297px;height:198px\" width=\"297\" height=\"198\" srcset=\"http:\/\/www.labomorphe.ovh\/wp-content\/uploads\/2023\/09\/DSC_0664-1024x683.jpg 1024w, http:\/\/www.labomorphe.ovh\/wp-content\/uploads\/2023\/09\/DSC_0664-300x200.jpg 300w, http:\/\/www.labomorphe.ovh\/wp-content\/uploads\/2023\/09\/DSC_0664-768x512.jpg 768w, http:\/\/www.labomorphe.ovh\/wp-content\/uploads\/2023\/09\/DSC_0664-1536x1024.jpg 1536w, http:\/\/www.labomorphe.ovh\/wp-content\/uploads\/2023\/09\/DSC_0664-2048x1365.jpg 2048w, http:\/\/www.labomorphe.ovh\/wp-content\/uploads\/2023\/09\/DSC_0664-1200x800.jpg 1200w\" sizes=\"auto, (max-width: 297px) 85vw, 297px\" \/><\/figure>\n\n\n\n<h4 class=\"wp-block-heading\" style=\"text-transform:lowercase\">ENTRE PERFORMANCE ET ESPACE COMMUN<\/h4>\n\n\n\n<p>JANVIER 2023<\/p>\n\n\n\n<div class=\"wp-block-button is-style-outline is-style-outline--4\"><a class=\"wp-block-button__link wp-element-button\" href=\"http:\/\/www.labomorphe.ovh\/index.php\/entre-performance-et-espace-commun\/\" target=\"_blank\" rel=\"noreferrer noopener\">Lire la suite<\/a><\/div>\n<\/div><\/div>\n\n\n\n<div class=\"wp-block-group\"><div class=\"wp-block-group__inner-container is-layout-flow wp-block-group-is-layout-flow\">\n<figure class=\"wp-block-image alignfull size-large\"><img loading=\"lazy\" decoding=\"async\" width=\"725\" height=\"1024\" src=\"http:\/\/www.labomorphe.ovh\/wp-content\/uploads\/2022\/11\/affiche3-pdf-725x1024.jpg\" alt=\"\" class=\"wp-image-114\"\/><figcaption class=\"wp-element-caption\">Image des plans 3D cr\u00e9e par V\u00e9loma \/<\/figcaption><\/figure>\n\n\n\n<h3 class=\"wp-block-heading\">Amorce &#8211; d&#8217;un tissu commun<\/h3>\n\n\n\n<p>8 novembre au 31 d\u00e9cembre 2022<\/p>\n\n\n\n<div class=\"wp-block-button is-style-outline is-style-outline--5\"><a class=\"wp-block-button__link wp-element-button\" href=\"http:\/\/www.labomorphe.ovh\/index.php\/amorce-dun-tissu-commun\/\">Lire la suite<\/a><\/div>\n<\/div><\/div>\n<\/div>\n<\/div>\n\n\n\n<figure class=\"wp-block-image size-full is-resized\"><img loading=\"lazy\" decoding=\"async\" src=\"http:\/\/www.labomorphe.ovh\/wp-content\/uploads\/2023\/09\/image-blog-1.jpg\" alt=\"\" class=\"wp-image-644\" style=\"width:630px;height:420px\" width=\"630\" height=\"420\" srcset=\"http:\/\/www.labomorphe.ovh\/wp-content\/uploads\/2023\/09\/image-blog-1.jpg 675w, http:\/\/www.labomorphe.ovh\/wp-content\/uploads\/2023\/09\/image-blog-1-300x200.jpg 300w\" sizes=\"auto, (max-width: 630px) 85vw, 630px\" \/><\/figure>\n\n\n\n<div class=\"wp-block-group alignwide\"><div class=\"wp-block-group__inner-container is-layout-flow wp-block-group-is-layout-flow\">\n<h2 class=\"wp-block-heading has-text-align-center has-accent-color has-text-color\">\u00ab&nbsp;Construisons le moule et donnons le souffle*\u00bb<\/h2>\n<\/div><\/div>\n\n\n\n<p>Et si tout d\u00e9marrait l\u00e0&nbsp;? Si ce sentiment d&#8217;\u00eatre au monde avec d&#8217;autres devait prendre forme ici avec vous&nbsp;? Faire ensemble quelque chose qui s&#8217;apparente \u00e0 un tissu commun&nbsp;? Associer nos gestes, nos pens\u00e9es dans nos mains vers un but qui ne soit pas attendu, qui ne soit pas de l&#8217;ordre du possible mais de l&#8217;\u00e9tonnement de ce qui se produit&nbsp;: entrer ensemble dans un espace po\u00e9tique.<\/p>\n\n\n\n<p>Alors peut \u00eatre pourrions-nous essayer.<\/p>\n\n\n\n<p>Je me suis attel\u00e9e au fil du temps \u00e0 la fabrication d&#8217;enveloppes textiles, une mani\u00e8re pour moi de contenir et d&#8217;ouvrir le corps et l&#8217;imaginaire \u00e0 une \u00e9chelle humaine. Et si une de ces enveloppes pouvait \u00eatre l&#8217;atelier lui-m\u00eame&nbsp;? Un atelier mobile, ouvert, transformable, le lieu de l\u2019\u0153uvre et l\u2019\u0153uvre elle-m\u00eame. Et voil\u00e0 que dans ce besoin partag\u00e9 de se retrouver, l&#8217;atelier devient un espace de rencontre, un lieu d&#8217;exploration o\u00f9 l&#8217;autre peut habiter.<br>L&#8217;artiste est engag\u00e9 dans la cit\u00e9, dans son territoire, il a un r\u00f4le \u00e0 jouer, \u00e0 investir avec ses propres moyens et le mien est po\u00e9tique. Je crois \u00e0 la rencontre possible des \u00ab&nbsp;modes&nbsp;\u00bb comme Bruno Latour, \u00e0 la n\u00e9cessit\u00e9 de faire advenir du lien juste par le faire ensemble.<\/p>\n\n\n\n<p>L&#8217;atelier de Saint Priest-Ligoure pourrait \u00eatre le point de d\u00e9part d&#8217;un parcours sur le territoire Pays de Nexon-Monts de Chalus, celui qui est l\u00e0, proche, qui a pour objet de nous rassembler. Rencontrer, inviter, construire, modifier, transformer faire avec en s\u2019impr\u00e9gnant des gestes, des formes, des outils de ce qui est \u00e0 port\u00e9e de \u00ab&nbsp;mains&nbsp;\u00bb ici. <\/p>\n\n\n\n<p><a href=\"http:\/\/www.kristina-depaulis.fr\">Kristina Depaulis<\/a>, juin 2022<\/p>\n\n\n\n<p class=\"has-small-font-size\">*<em>transformation d&#8217;une citation de Lygia Clark<\/em><\/p>\n\n\n<div class=\"wp-block-image\">\n<figure class=\"alignleft size-large is-resized\"><img loading=\"lazy\" decoding=\"async\" src=\"http:\/\/www.labomorphe.ovh\/wp-content\/uploads\/2022\/12\/CDF_AAP-bandeau-10_2020-1024x250.jpg\" alt=\"\" class=\"wp-image-238\" style=\"width:590px;height:144px\" width=\"590\" height=\"144\" srcset=\"http:\/\/www.labomorphe.ovh\/wp-content\/uploads\/2022\/12\/CDF_AAP-bandeau-10_2020-1024x250.jpg 1024w, http:\/\/www.labomorphe.ovh\/wp-content\/uploads\/2022\/12\/CDF_AAP-bandeau-10_2020-300x73.jpg 300w, http:\/\/www.labomorphe.ovh\/wp-content\/uploads\/2022\/12\/CDF_AAP-bandeau-10_2020-768x187.jpg 768w, http:\/\/www.labomorphe.ovh\/wp-content\/uploads\/2022\/12\/CDF_AAP-bandeau-10_2020-1536x375.jpg 1536w, http:\/\/www.labomorphe.ovh\/wp-content\/uploads\/2022\/12\/CDF_AAP-bandeau-10_2020-2048x500.jpg 2048w, http:\/\/www.labomorphe.ovh\/wp-content\/uploads\/2022\/12\/CDF_AAP-bandeau-10_2020-1200x293.jpg 1200w\" sizes=\"auto, (max-width: 590px) 85vw, 590px\" \/><\/figure>\n<\/div>\n\n<ul class=\"wp-block-latest-posts__list wp-block-latest-posts\"><li><a class=\"wp-block-latest-posts__post-title\" href=\"http:\/\/www.labomorphe.ovh\/index.php\/2026\/01\/13\/boucler-une-boucle-a-la-mediatheque-markoff-de-nexon\/\">Boucler une boucle \u00e0 la m\u00e9diath\u00e8que Markoff de Nexon<\/a><\/li>\n<li><a class=\"wp-block-latest-posts__post-title\" href=\"http:\/\/www.labomorphe.ovh\/index.php\/2025\/08\/31\/altertour-2025-a-saint-priest-ligoure\/\">Altertour 2025 \u00e0 Saint Priest Ligoure<\/a><\/li>\n<li><a class=\"wp-block-latest-posts__post-title\" href=\"http:\/\/www.labomorphe.ovh\/index.php\/2025\/06\/03\/arpenter-les-livres-en-commun-a-la-bfm-de-limoges\/\">Arpenter les livres en commun \u00e0 la BFM de Limoges<\/a><\/li>\n<li><a class=\"wp-block-latest-posts__post-title\" href=\"http:\/\/www.labomorphe.ovh\/index.php\/2025\/04\/28\/de-leau-au-dessin-section-chaap-de-chalus\/\">De l&#8217;eau au dessin \/ section CHAAP de Ch\u00e2lus<\/a><\/li>\n<li><a class=\"wp-block-latest-posts__post-title\" href=\"http:\/\/www.labomorphe.ovh\/index.php\/2025\/03\/17\/sous-la-pluie-au-chaud-dans-la-maison-oto\/\">Sous la pluie, au chaud dans la maison Oto<\/a><\/li>\n<\/ul>","protected":false},"excerpt":{"rendered":"<p>\u00e0 la recherche d&#8217;un tissu commun Quelques \u00e9v\u00e9nements &#8230; labomorphe c&#8217;est \u00e0 dire? juin 2022 maquettes novembre 2022 ENTRE PERFORMANCE ET ESPACE COMMUN JANVIER 2023 Amorce &#8211; d&#8217;un tissu commun 8 novembre au 31 d\u00e9cembre 2022 \u00ab&nbsp;Construisons le moule et donnons le souffle*\u00bb Et si tout d\u00e9marrait l\u00e0&nbsp;? Si ce sentiment d&#8217;\u00eatre au monde avec &hellip; <a href=\"http:\/\/www.labomorphe.ovh\/\" class=\"more-link\">Continue reading<span class=\"screen-reader-text\"> &#8220;Labomorphe \/ atelier mobile&#8221;<\/span><\/a><\/p>\n","protected":false},"author":1,"featured_media":463,"parent":0,"menu_order":0,"comment_status":"closed","ping_status":"closed","template":"","meta":{"footnotes":""},"class_list":["post-64","page","type-page","status-publish","has-post-thumbnail","hentry"],"_links":{"self":[{"href":"http:\/\/www.labomorphe.ovh\/index.php\/wp-json\/wp\/v2\/pages\/64","targetHints":{"allow":["GET"]}}],"collection":[{"href":"http:\/\/www.labomorphe.ovh\/index.php\/wp-json\/wp\/v2\/pages"}],"about":[{"href":"http:\/\/www.labomorphe.ovh\/index.php\/wp-json\/wp\/v2\/types\/page"}],"author":[{"embeddable":true,"href":"http:\/\/www.labomorphe.ovh\/index.php\/wp-json\/wp\/v2\/users\/1"}],"replies":[{"embeddable":true,"href":"http:\/\/www.labomorphe.ovh\/index.php\/wp-json\/wp\/v2\/comments?post=64"}],"version-history":[{"count":55,"href":"http:\/\/www.labomorphe.ovh\/index.php\/wp-json\/wp\/v2\/pages\/64\/revisions"}],"predecessor-version":[{"id":658,"href":"http:\/\/www.labomorphe.ovh\/index.php\/wp-json\/wp\/v2\/pages\/64\/revisions\/658"}],"wp:featuredmedia":[{"embeddable":true,"href":"http:\/\/www.labomorphe.ovh\/index.php\/wp-json\/wp\/v2\/media\/463"}],"wp:attachment":[{"href":"http:\/\/www.labomorphe.ovh\/index.php\/wp-json\/wp\/v2\/media?parent=64"}],"curies":[{"name":"wp","href":"https:\/\/api.w.org\/{rel}","templated":true}]}}